 -22 - -9) + 14.
-7
Calculate -5 - ((4 - (-8 + 14)) + -5 + 12).
-10
What is the value of -11 - (-3 - ((-11 - -23) + 1))?
5
(-16 - (32 + -22)) + 22
-4
Calculate -7 + (16 - (-18 - -28)) + 23.
22
(23 - 13 - 15) + -1 + 9 - -11
14
Evaluate -4 + 21 + -15 + 7.
9
-5 - (6 + -18 - -2 - (-4 - -5))
6
Calculate 0 + 6 - (664 - 673).
15
What is 38 + (-14 + 21 - 29)?
16
What is 0 + -7 + 4 - (14 - 2) - -5?
-10
What is -434 - -408 - (-1 - 9)?
-16
-9 + 5 + 27 + -32
-9
1 + 23 - ((0 - 0) + (-8 - -16))
16
(11 - 2) + -35 + 32 + 3 + 3
12
What is the value of 2 + (7 - 7) + 10 - (2 + -1)?
11
Calculate (1 - -1) + -762 + 757.
-3
What is the value of (-16 - (11 - 25)) + -17?
-19
What is 3 + -1 - (11 + -6 + 5 + -8)?
0
-15 - (0 + (0 - -4) + -5)
-14
Evaluate -1 + -4 + -5 + -5 + 12.
-3
What is the value of (9 + -4 - -1) + -20 + 10 + 3?
-1
What is the value of (-12 - (-8 + -2 + 8)) + 4?
-6
Evaluate 8 + (-5 - (5 - (9 - 0))).
7
What is the value of -26 - (-9 + -5 + 0) - -40?
28
Calculate -9 + (0 - 14) + -6 + 30.
1
Evaluate (-18 - (-16 - 7)) + -2.
3
Evaluate -11 - (6 + -16 - -11 - 9) - 9.
-12
7 + (-26 - (-1 - -6)) + 9
-15
11 - (0 - (-5 - 0)) - 5 - -16
17
Evaluate -6 + -17 + 32 + -15 + -11.
-17
Evaluate -11 - (-4 - -6 - 9) - (-2 - 2).
0
Calculate -3 - (10 + -7 - 0) - -7 - 29.
-28
What is the value of 2 - (21 - 21 - -8)?
-6
Evaluate 8 + -7 + -7 - -14 - 6.
2
Evaluate -10 + -10 + 25 + -16.
-11
What is -1 - -5 - (0 + (9 - 31))?
26
Calculate -3 + (4 - (5 + (-3 - -2))) - 7.
-10
What is the value of (-12 - -3 - -12 - -6) + (2 - 0)?
11
Evaluate 17 + (-1 + -33 - -2).
-15
24 + (-8 - 5) + -19
-8
Evaluate 32 + -29 - 5 - (5 - 2).
-5
-7 + (8 - 12) + 23
12
Evaluate -10 + (-9 - -11) + 4.
-4
What is the value of 5 + (-33 - (5 - 18))?
-15
-3 - 15 - -25 - (-4 + 25 + 0)
-14
What is -4 - (3 - -13 - -7)?
-27
Calculate -8 + 6 + 1 + 10 + -19.
-10
Evaluate 0 - -4 - ((5 - 24) + 29).
-6
Evaluate 7 - (-47 - -56 - (-7 - 0)).
-9
(-2 - 8) + (-44 - (43 - 124))
27
Evaluate 18 - (3 - (13 - 29)).
-1
What is the value of -16 - -17 - (-3 - -7 - -9)?
-12
14 + -26 - (3 + -4)
-11
Evaluate -4 + 33 - (67 - 57).
19
-1 + (5 - (-5 - -9)) - 3 - 4
-7
Evaluate -12 + 6 + -9 + -7 + 10.
-12
(-6 - 2) + -2 + 6 + 2
-2
What is the value of 11 - (8 - (7 + -6 + 8) - 1)?
13
What is (11 - (-8 - 6 - -5)) + (-5 - 0)?
15
What is the value of (208 - 196) + (-14 + 7 - (-1 + -1))?
7
What is the value of 3 + 1 + (54 - 68)?
-10
Evaluate -8 + (-1 - ((1 - 0 - 4) + -5)).
-1
What is the value of 12 - (22 + (2 + 2 - 11))?
-3
What is the value of -6 + (3 - -38) + 3 - (-12 + 19)?
31
Evaluate 7 + -26 + 1 + 30.
12
Calculate 34 - (1 - (-15 - -3)).
21
-1 + (-3 - 2) - (-13 - -9 - 2)
0
Evaluate -5 - ((6 - 0) + -3 + 3 - 5).
-6
What is 4 - 10 - (10 - (-7 + (-3 - -13)))?
-13
Calculate (-2 - -7) + (3 - (-9 + 24)) - 4.
-11
Calculate 0 - 17 - (-1 + -1) - (51 + -52).
-14
Calculate 4 - (8 - 3 - -7).
-8
(274 - 277) + (-1 - 13)
-17
Evaluate 20 + -20 - (1 + -3 - (4 - 15)).
-9
What is (1 - 0) + -2 + 4 + -2 + 0?
1
What is the value of (-8 + -10 - 13) + 18?
-13
Calculate (-3 - 7) + 3 - (-17 + (18 - -18)).
-26
-8 + 0 + (5 - (1 + 1 + -10))
5
What is -37 + (-11 - -4 - -14)?
-30
63 + -63 + (23 - 4)
19
Calculate 23 - (55 - 29) - 22.
-25
Evaluate -16 + -9 - -55 - 0.
30
Evaluate -9 + (7 - 8) + -10 - -3.
-17
What is 30 - -3 - 30 - ((5 - 1) + -2)?
1
Calculate -27 + 0 - (-32 + 0 + -540 + 565).
-20
Calculate 0 - (11 + -4 + 0 - -3).
-10
Calculate (-18 - 1) + 24 + 49 + -47.
7
What is -3 - (1 - 3) - -7 - (-285 - -298)?
-7
What is the value of -8 + -4 - (20 + -9 - 8)?
-15
Evaluate 10 + 14 + -48 + 24.
0
What is the value of -8 + 18 - 0 - 23?
-13
What is -3 + 1 + (-43 - -41) - -11?
7
What is (-8 - (7 + -4)) + (-11 + 15 - -2)?
-5
What is 8 + (-11 - -8) + 0 - (-2 - 1)?
8
14 + -28 + 22 + -20
-12
What is the value of (5 - -14) + -12 - 10?
-3
What is the value of -18 + (-12 - -13 - (5 + -1))?
-21
Calculate (-7 + -23 - (3 + 3)) + -1.
-37
Evaluate 11 - 12 - -5 - (1 + -1) - -9.
13
What is -2 + 1 + -2 - 7 - 4?
-14
Calculate -7 + (36 + -22 - -30).
37
-5 + 12 - (7 + 2 + 1)
-3
Evaluate -30 - (-18 - 20) - 27.
-19
What is -20 + 2 + 5 + 6 + (5 - 7)?
-9
What is 17 - (-5 - -16) - 10?
-4
What is (-10 - -38 - 14) + -8?
6
Evaluate (-15 - -4) + 17 + -4 + -9.
-7
Calculate -2 - (0 - (-11 - -25) - -5).
7
-2 + (20 - 28 - (-23 - (-4 - -6)))
15
What is the value of 1 + 11 + 10 + 8?
30
What is 12 + -18 - (8 + 6 + -3)?
-17
What is (6 - -19) + (-13 - 0)?
12
What is the value of (14 - -12) + -40 - -13?
-1
11 + (-8 - (1 + (8 - 13)))
7
What is 0 - (2 + (5 - 7) - (11 - 6))?
5
What is the value of 15 + -12 - 22 - (1 - 5)?
-15
What is -2 + (-1 - 0) + 32 + -33 + 0?
-4
Calculate 5 - ((0 + 7 - 1) + (-302 - -296)).
5
What is the value of -10 + (-10 - -4) + (1 - -1 - -5)?
-9
Calculate 372 + -369 - (29 - -1).
-27
Evaluate (-2 - 8) + (12 - 12).
-10
Evaluate 54 + -18 - 34 - -9.
11
Evaluate -11 - (13 + 0 + -15).
-9
What is -13 + 25 + -16 + 1 + 5?
2
(45 - (15 + (-8 - 10))) + -14
34
What is (-10 - -23 - -11) + -6?
18
What is -1 + 9 + (11 - -1 - (13 + 5))?
2
Evaluate -22 - (5 - (12 + -10)).
-25
Calculate (3 + -7 - 12 - -22) + -30.
-24
-20 - (-5 - 5) - -12
2
-1 + 9 - (94 - 85)
-1
What is the value of -14 - (-2 - (3 + 11))?
2
Calculate 11 - ((-14 - (-9 + -5)) + 14).
-3
What is the value of (36 - (11 - -7)) + -9?
9
Calculate 10 - (10 + -10 + 0 + 8) - 24.
-22
What is the value of -10 - ((-74 - -67) + 1 + -7)?
3
Calculate (18 - 6 - 3) + -5 + -18 - -5.
-9
What is the value of 12 + (-4 - ((0 - 3) + (4 - 7)))?
14
What is the value of -4 - (4 + -4) - (25 - 40)?
11
What is (10 - 17) + 10 - (14 - (2 - -3))?
-6
What is 16 + -5 - (-21 + 2 + -3 + -3)?
36
What is (-41 + 9 - 28) + 29?
-31
(2 - 7) + 2 - -4
1
What is 18 + -16 + 8 + -2 + 0?
8
-13 + -7 + 3 - 9 - (-5 - 1)
-20
What is the value of (-1 - -3) + (6 - -13 - 17 - -1)?
5
What is (10 + 19 - (4 + 15)) + 1 + -5?
6
2 - 4 - ((12 - 11) + -8)
5
Calculate (18 - 22) + -18 + 13.
-9
Calculate 4 + (6 - -30 - 8 - 13).
19
What is 7 - (17 + (22 - 15)) - 16?
-33
Evaluate -10 - -8 - (5 + 0 - (8 - 10)).
-9
Evaluate -5 - ((-44 - -53) + (0 - 22)).
8
Calculate (-7 + -9 - -19) + -2 + 2.
3
Calculate 5 + -1 + 39 + -73 + 30.
0
Evaluate -185 + 205 - (-1 + 33).
-12
What is 0 + -18 + (-5 - -16) + 0 + -17?
-24
(5 - 7) + (-1 - -23) - 7
13
What is 13 + -2 + (16 + 25 - 40)?
12
Evaluate 4 - (37 + -17 - 0).
-16
5 - 4 - (10 + (-20 - -9) + 25)
-23
35 + 39 + -66 + (-1 - -2) + -18
-9
14 - ((3 - 1) + 24)
-12
-8 - (53 - 56 - (1 + 13))
9
What is the value of 17 - (17 - 4) - 2?
2
Calculate -21 + (-5 - -16) - (15 + (-2 - 1)).
-22
Calculate 6 - -25 - (4 - -7 - 9).
29
What is the value of 14 + (-2 - (7 - 10) - -12)?
27
Calculate -8 + 106 + -90 + 1 + 4.
13
Evaluate 2 - (7 - 6) - (0 + 6).
-5
Calculate (3 - 26) + 26 - -2.
5
Calculate (-33 - -26) + (0 - (4 - 4)).
-7
Calculate 0 + (11 - 11) - 16.
-16
Evaluate -128 + 105 - (0 - 5).
-18
Evaluate (-2 + 6 - -1) + -10 - 5.
-10
Calculate -27 - -5 - (-24 + 17).
-15
What is 6 + 0 + -3 + 12 + (-24 - -19)?
10
What is -3 + 5 + -18 + 27 + -42?
-31
What is (-10 - (72 - 14)) + 40?
-28
What is (9 - 17 - 0) + 10 + -4 + -4?
-6
Calculate -8 - (-15 + -1 + 8) - 3.
-3
Evaluate -8 + -48 + 31 + (-2 + 8 - 0).
-19
What is 5 - (32 + -18) - (-14 - -2)?
3
43 + -43 + 12 - (4 - (8 - 1))
15
What is (-24 - -2) + (0 - (11 - 24))?
-9
Calculate -21 + (-12 - -23 - -1) - (0 + 0).
-9
(4 + -23 - -4 - 3) + 6 + 0
-12
What is the value of -972 - -985 - (5 + (1 - 2))?
9
(20 - (12 - 0)) + 9
17
(-22 - -3) + (1 - (-3 - 0 - 1))
-14
(-4 - 0) + -1 - (6 - 2)
-9
Calculate 4 + (-29 - -15 - -7) + -6.
-9
(-6 - (13 - 33 - -2)) + (-11 - -1)
2
What is 14 + -15 + 3 + -10?
-8
Calculate (-1 - -4) + (-10 - 9) + 15.
-1
Evaluate -25 + (47 - (15 + -21)).
28
Evaluate -20 + 6 + (3 - 6) + 2 + 3.
-12
4 + 3 + (-3 + 8 - 0)
12
-5 - (-1 - 1 - 0)
-3
What is the value of 11 + (-9 + 29 - 10) + -8?
13
What is 3 - (3 - (-4 - 1 - -8))?
3
Evaluate -2 + -1 + (116 - 117).
-4
Calculate 4 + 3 + (20 - 18).
9
Evaluate (-2 - (-7 - (4 - 3))) + (-127 - -115).
-6
What is 0 + -7 - (-30 - -24 - 14)?
13
-6 - (7 + 2 + -18 + -3)
6
What is the value of -2 + (34 + -1 + 0 - (-516 + 519))?
28
Calculate 10 - (2 - (2 - -5)) - (-3 + 6).
12
Evaluate -42 - 0 - (574 - 615).
-1
Evaluate 15 - 0 - (-8 + -8 + 2 + 18).
11
-40 + 30 - (-16 + -10)
16
Evaluate -13 - -16 - -11 - 29.
-15
What is the valu